4*d(s) - 6*m(s). Determine z(-2).
-22
Let t = 1091 + -1083. Let i(s) = s**3 - 6*s**2 - 9*s - 54. Calculate i(t).
2
Suppose -16 - 9 = 5*l. Let b(h) = 10*h + 55. Let m(x) = 2*x + 13. Let f(g) = -b(g) + 4*m(g). Give f(l).
7
Let i = 69 + -66. Suppose r - 4 = 0, 0*u + 20 = 2*u + 4*r. Suppose 3*m = -i*w + 2*w - 10, -u*w = 2*m + 8. Let y(z) = z**3 - 3*z + 4. What is y(m)?
-14
Let v(a) = 0 - 15*a**2 + 19*a**2 - 12 - 15*a**2 + a**3 + 4*a. Calculate v(11).
32
Let v(z) = z**3 - 20*z**2 + z - 22. Let c(f) = -2*f**2 - 24*f + 39. Let u be c(-13). Suppose u*x - 180 = 4*x. What is v(x)?
-2
Let r(b) = 3*b - 3. Let m be r(3). Suppose -5*s + m = -8*s. Let c(f) be the third derivative of -f**6/120 - f**5/30 - f**4/8 - f**3/6 - 7*f**2. Give c(s).
5
Suppose 5*z = -4*c + 31 - 44, -3*c - 4*z = 9. Let i(d) = d**2 - 4 + 4*d + 2*d + 0. Calculate i(c).
3
Suppose 4*z - 3*h = 22, -5*z + 7 = 2*h - 9. Let y(m) = m**2 - 5 + m + z - 7*m**2 + 38*m**2. Give y(1).
32
Let w(o) = 3*o**2 - 30*o + 92. Let a = 20244 + -20239. Give w(a).
17
Let b(r) = 11*r - 74 + 23 - 52*r + 26. Give b(-4).
139
Let h(p) = 3*p**3 + 2*p**2 + 6*p + 2. Let q(i) = i - 4*i**2 + i**3 + 3*i**2 + 0*i. Let s(z) = -h(z) + 2*q(z). Calculate s(-4).
14
Let f(h) = 1 + 0 + 14*h**2 - 3*h**2. Let j be 6/4*(-184)/(-138). Suppose j*m + 5*g + 12 = -0*g, -3*g = m + 7. Give f(m).
12
Suppose 3*n - 18 = -0*n. Let p(g) = -36*g**2 - n + 3*g - 4*g + 23*g**2 + 14*g**2. Let u be (-2)/4 + 1/2. Give p(u).
-6
Let j(r) = -2*r**2 + 6*r - 1. Let g(u) be the second derivative of 0*u**3 - 1/12*u**4 + 2*u + 0*u**2 + 0. Let m(n) = 3*g(n) - j(n). Give m(-6).
1
Let n(g) = 3*g + 2. Let k be (0/(-15))/(1*-1). Let j be (0 - k)/5 + 0. Suppose 4*y - 8 = 4*o - j*o, -2*y - 8 = o. Give n(y).
-4
Let t(n) = 7*n**3 + n**2 - n. Let d(o) = 78*o**3 + 21*o**2 - 23*o - 3. Let m(i) = d(i) - 11*t(i). Determine m(-11).
8
Let r(z) = -2*z - 6*z + 5*z + 4*z. Suppose 14*b = -89*b - 412. Determine r(b).
-4
Let w(f) = -3*f + 29. Let j(q) = -192 + 11*q + 11*q - 7*q + 51. Let c(l) = -5*j(l) - 24*w(l). Give c(4).
-3
Let d(o) = -o**3 - 17*o**2 - 11*o + 18. Let x = -101 + 85. Give d(x).
-62
Let t(b) = 2*b - 1. Let u = 60 + -50. Let y = u + 20. Suppose 11 - 37 = 3*i - 5*n, -2*n = -4*i - y. Determine t(i).
-15
Let x(m) = -6*m**2 + 16*m - 10. Let d(h) = -3*h**2 + 8*h - 4. Let j(a) = 5*d(a) - 3*x(a). Calculate j(2).
6
Let m(f) = -5*f - 4 + 4*f + f**3 + 368*f**2 + 4*f - 363*f**2. Let x(t) = 9*t + 62. Let g(i) = 9*i + 61. Let h(v) = 3*g(v) - 2*x(v). Let k be h(-7). Give m(k).
0
Let a be 9/6 - 19/(-2). Suppose -o + a = 5*l, -l - 5 = -3*o + 2*o. Suppose 0 = 6*m - 6 - o. Let i(d) = -d**3 + d + 1. What is i(m)?
-5
Suppose 2*x + 8 = -i, 4*i + 60*x + 32 = 58*x. Let j(k) = k**2 + 9*k + 12. Give j(i).
4
Suppose -279*p = -281*p - 152. Let j be 12/30 - p/10. Let x(v) = v**2 - 9*v - 6. Determine x(j).
-14
Let x(z) = -5*z + z**2 - 9 - z**3 - 8*z**2 - 3*z. Let d(j) = j**2 + 27*j + 129. Let i be d(-6). Suppose i*b = 0, -7*v + 4*v + 4*b - 18 = 0. Determine x(v).
3
Let i(w) = w**3 - 7*w**2 + w + 1. Suppose 27*h - 1 = 26*h. Let o be (-10)/(h + 0)*(-120)/200. Give i(o).
-29
Suppose -v + 3*d = -83, -92 = -v + d - 19. Let z = v + -69. Let y(u) = 3*u**3 + 4*u**2 + 1. Let b(m) = m**3 + m**2. Let q(h) = -6*b(h) + y(h). Give q(z).
2
Let c(b) = 3*b - 20. Let i = -132 + 150. Calculate c(i).
34
Let y = -209 - -238. Let z(v) = -10*v - 46 - v**2 + 29 + y. Determine z(-9).
21
Let v(m) = 19*m + 15. Let r(b) = 515*b + 405. Let f(y) = -2*r(y) + 55*v(y). Determine f(-5).
-60
Let c(z) = 36*z + 358. Let v be c(-10). Let x be 9*(6/(-3))/v. Let d(m) = m**2 - 10*m + 6. Determine d(x).
-3
Let i(b) = 7*b**2 + 4*b - 6. Suppose 0 = 14*a + 9*a + 23. Let t(j) = j**2 - 2. Let m(x) = a*i(x) + 2*t(x). Calculate m(-2).
-10
Suppose -7*r + 3*r + 5*h + 32 = 0, -3*r + 5*h + 19 = 0. Let z(x) = x**2 - 11*x - 26. Calculate z(r).
0
Let z(o) = o**2 + 29*o - 207. Let p be z(6). Let y(t) = -8*t + 23. Determine y(p).
-1
Let h(m) be the third derivative of -14*m - 1/60*m**5 + 0*m**3 + 2*m**2 - 1/24*m**4 + 0 + 1/12*m**6. What is h(-1)?
-10
Suppose -9*u + 7*u = -10. Let k(x) = 5*x + 151*x**3 + 7*x**2 - u - 150*x**3 - 2. Determine k(-6).
-1
Let j(g) = 2*g - 1. Let b(u) = 10 + 3 + 20*u - 5 - 9*u. Let v(t) = b(t) - 6*j(t). Determine v(0).
14
Let h(s) = s. Let o(l) = 5*l - 1. Let p(i) = -4*h(i) + o(i). Suppose -a + 3 = -3*u, 72 = -3*a - 3*u + 57. Give p(a).
-4
Let j(t) = t**3 - 14*t**2 + 14*t - 12. Let f be 3804/108 - 4/18. Suppose 21*c + 182 = f*c. Determine j(c).
1
Let a = -20 + 40. Suppose -a = -9*m + 7*m. Let w(f) = f**3 - 11*f**2 + 10*f + 1. Determine w(m).
1
Let q(k) = k**2 + 2*k - 1. Let z = -21 - -20. Let b be 72*z*8/(-12). Let d = b + -46. What is q(d)?
7
Let b(x) = x**2 - 8*x + 4. Suppose -3*k + 5*k = 0. Let d be (-4)/3*(-12)/8 + k. Let w be 1 - d - (-7 + -3). Give b(w).
13
Suppose -2*w + 45 = 13. Suppose 110 = -w*z + 6*z. Let t(o) = o**3 + 9*o**2 - 21*o + 7. Determine t(z).
-4
Let c(o) = -o**2 - o - 9. Let q be 1 + -41*(3 + -2). Let d = q - -44. Let n(h) = h**2 + h + 8. Let x(t) = d*n(t) + 3*c(t). Determine x(0).
5
Let i(b) = b**2 + 6*b + 7. Let f be 2*(-5)/(10/(-4)) - -1. Let m be (-1)/(-1)*f - 1. Suppose -3*c = -m*q - 26, c - 27 = 6*q - q. What is i(q)?
2
Let j(b) be the second derivative of -6*b - 1/20*b**5 + b**2 - 5/6*b**4 + 0*b**3 + 0. What is j(-10)?
2
Let j(m) = m**3 - 3*m**2 - 3*m. Let y(z) = -17*z + 157. Let u(c) = -5*c. Let n(r) = 5*u(r) - y(r). Let g be n(-20). What is j(g)?
-9
Let s = 254 + -262. Let o be ((-200)/(-45) + -4)/(s/(-36)). Let h(t) = 3*t**2 - 3*t + 2. Determine h(o).
8
Let m(h) = -3*h**2 + 7*h - 5. Suppose x + 3*v - 36 - 20 = 0, x + v - 50 = 0. Suppose 13*b - 5 = x. Give m(b).
-25
Let y(f) be the second derivative of -7*f**5/20 + f**4/6 + f**3/6 - f**2 + f + 2579. Determine y(1).
-6
Let k(w) = -23*w**2 + w - 3. Let l(f) = -88*f**2 + 6*f - 13. Let z(n) = -4*k(n) + l(n). Calculate z(-2).
11
Suppose -468*j = -472*j - 28. Let x(h) = 6*h + 24. Give x(j).
-18
Suppose -x + 1 = -4*r, -9*r - 25 = -4*x - 14*r. Let d(n) = n**2 - 6*n + 7. Determine d(x).
2
Let w(q) be the second derivative of q**5/20 - 13*q**4/12 - q**3/2 + 13*q**2/2 + 8*q. Let s be w(13). Let a = 26 + s. Let b(k) = k**2 - k - 8. What is b(a)?
-8
Suppose 0 = -2*u - 6 + 16. Let x(i) = -15*i + 21. Let h(c) = 7*c - 11. Let d(b) = 11*h(b) + 5*x(b). Determine d(u).
-6
Let g(w) be the third derivative of -w**6/60 + w**5/30 + w**4/12 + w**3/6 - 4803*w**2. What is g(2)?
-3
Suppose -16 = 4*x + 4*g, -4*x - 245*g + 24 = -249*g. Let u(m) = -5*m**3 + 2*m**2 - 5*m + 4. Give u(x).
-4
Let d(i) = -8*i - 14. Let n be d(-2). Suppose a + n + 0 = -m, -3*a + 5*m + 26 = 0. Let j(b) = -5 - 320*b - 3*b**2 + 332*b + 0*b**2 + 2*b**a. Give j(11).
6
Suppose u - d + 3 = 11, 0 = -u + 4*d + 20. Let b(j) be the first derivative of 2*j**2 - j + 37357. What is b(u)?
15
Let s(t) = t + 1. Let x = -3413 - -3420. Calculate s(x).
8
Let l(v) = -4 + 333*v**3 + 7*v**2 + v - 150*v**3 - 184*v**3. Suppose c + 2*k = 1, -2*k = -3*c + k + 30. Determine l(c).
3
Let g(f) = -5*f**2 + 29*f - 39*f + 23 - 26. Let q(v) = -4*v**2 - 10*v - 3. Let p(h) = 2*g(h) - 3*q(h). Give p(-5).
3
Suppose 0*d + 12 = -3*d - 5*y, 4*d + 2*y + 30 = 0. Let t(n) = -n**3 - 9*n**2 + 9*n + 7. Calculate t(d).
-74
Let a(n) = n**2 + 70*n - 1. Let y(x) = -8*x**2 - 427*x + 2. Let k(z) = -6*a(z) - y(z). Determine k(3).
43
Let c(o) = -2*o + 1. Let y(m) = m - 1. Let h(b) = 2*c(b) + 3*y(b). Suppose 0*w = -2*f + 4*w + 72, f + 4*w - 48 = 0. Suppose f*t - 8*t = -160. What is h(t)?
4
Let n(u) be the first derivative of 7*u**4 + u**3 + 25*u - 63. Let d(m) = 13*m**3 + m**2 + 12. Let x(j) = 13*d(j) - 6*n(j). Calculate x(5).
6
Let q(u) = -u**2 - 5*u - 7. Let z be -4 - (2 - (-2124)/(-3)). Let c be (-2)/(-8) - z/(-104). Suppose 5*k - 5*v = -40, k + 3 = -3*v + c. What is q(k)?
-7
Let f(a) = -3*a**2 - 7*a - 3. Let n = 7190 + -7196. Determine f(n).
-69
Let o = -9 + 13. Suppose 3*y = 4*t + 3 + 5, -8 = o*t - 5*y. Let j(d) = -d**2 - 3*d - 3. Determine j(t).
-1
Let k(l) = l**3 + 12*l**2 + 10*l - 14. Let x(h) be the third derivative of -5*h**4/12 - 101*h**3/6 - 19*h**2 - 2. Let w be x(-9). Calculate k(w).
-3
Let r(d) be the first derivative of d**4/4 - 10*d**3/3 - 13*d**2/2 + 17*d + 1169. Determine r(11).
-5
Let w be 2*(-2)/(-4) + -6. Let l(q) be the firs